igit of 152979?
9
What is the tens digit of 1319281?
8
What is the millions digit of 1905146?
1
What is the hundreds digit of 1298151?
1
What is the ten thousands digit of 12952198?
5
What is the hundreds digit of 1845?
8
What is the hundreds digit of 659824?
8
What is the hundred thousands digit of 6687812?
6
What is the hundred thousands digit of 13001676?
0
What is the thousands digit of 136208?
6
What is the hundred thousands digit of 27435987?
4
What is the thousands digit of 6137?
6
What is the hundred thousands digit of 1246517?
2
What is the hundred thousands digit of 4162507?
1
What is the ten thousands digit of 3736079?
3
What is the hundred thousands digit of 6917932?
9
What is the hundreds digit of 22199011?
0
What is the thousands digit of 616717?
6
What is the millions digit of 17497253?
7
What is the ten thousands digit of 413275?
1
What is the units digit of 19622257?
7
What is the hundreds digit of 986430?
4
What is the thousands digit of 3173081?
3
What is the hundred thousands digit of 137047?
1
What is the tens digit of 1170528?
2
What is the tens digit of 3738277?
7
What is the hundreds digit of 6376854?
8
What is the ten thousands digit of 137307?
3
What is the ten millions digit of 20412899?
2
What is the ten thousands digit of 121902?
2
What is the thousands digit of 316317?
6
What is the thousands digit of 2231524?
1
What is the thousands digit of 3671361?
1
What is the thousands digit of 9354561?
4
What is the hundreds digit of 1109711?
7
What is the tens digit of 10707248?
4
What is the ten thousands digit of 814704?
1
What is the units digit of 12391496?
6
What is the ten thousands digit of 166405?
6
What is the thousands digit of 2252726?
2
What is the tens digit of 95679?
7
What is the millions digit of 6302521?
6
What is the thousands digit of 981939?
1
What is the millions digit of 1847659?
1
What is the ten thousands digit of 2008106?
0
What is the hundreds digit of 315841?
8
What is the millions digit of 3680290?
3
What is the ten thousands digit of 6140191?
4
What is the units digit of 4469555?
5
What is the hundreds digit of 18096722?
7
What is the units digit of 1120879?
9
What is the ten millions digit of 11873143?
1
What is the ten millions digit of 12121852?
1
What is the thousands digit of 140928?
0
What is the hundreds digit of 45345?
3
What is the units digit of 420611?
1
What is the tens digit of 476298?
9
What is the hundreds digit of 3878442?
4
What is the ten thousands digit of 510445?
1
What is the ten thousands digit of 703263?
0
What is the units digit of 215950?
0
What is the hundreds digit of 400042?
0
What is the thousands digit of 3558611?
8
What is the hundred thousands digit of 8585872?
5
What is the hundred thousands digit of 203840?
2
What is the ten thousands digit of 378947?
7
What is the thousands digit of 7542027?
2
What is the hundreds digit of 1576098?
0
What is the thousands digit of 668192?
8
What is the ten thousands digit of 3809979?
0
What is the millions digit of 1759841?
1
What is the units digit of 1287721?
1
What is the millions digit of 2398013?
2
What is the hundreds digit of 17521583?
5
What is the tens digit of 747844?
4
What is the hundred thousands digit of 5345579?
3
What is the tens digit of 19114891?
9
What is the ten thousands digit of 7577887?
7
What is the ten millions digit of 16468393?
1
What is the hundred thousands digit of 7834112?
8
What is the ten millions digit of 10276383?
1
What is the thousands digit of 675783?
5
What is the thousands digit of 2009825?
9
What is the tens digit of 8135844?
4
What is the hundreds digit of 4190046?
0
What is the hundred thousands digit of 1633246?
6
What is the tens digit of 124418?
1
What is the hundred thousands digit of 337274?
3
What is the thousands digit of 266610?
6
What is the ten thousands digit of 243721?
4
What is the hundreds digit of 110439?
4
What is the tens digit of 58433?
3
What is the ten thousands digit of 440901?
4
What is the hundreds digit of 238775?
7
What is the ten thousands digit of 39940559?
4
What is the millions digit of 28514749?
8
What is the units digit of 591826?
6
What is the tens digit of 275722?
2
What is the ten thousands digit of 3080507?
8
What is the tens digit of 3506?
0
What is the hundred thousands digit of 290330?
2
What is the ten thousands digit of 2289742?
8
What is the ten thousands digit of 903368?
0
What is the tens digit of 178535?
3
What is the ten thousands digit of 5165272?
6
What is the units digit of 5785635?
5
What is the hundred thousands digit of 697824?
6
What is the hundred thousands digit of 21215666?
2
What is the hundreds digit of 439601?
6
What is the tens digit of 426827?
2
What is the tens digit of 158794?
9
What is the hundred thousands digit of 7714054?
7
What is the tens digit of 377889?
8
What is the ten thousands digit of 24256?
2
What is the thousands digit of 924733?
4
What is the thousands digit of 6823948?
3
What is the tens digit of 769778?
7
What is the tens digit of 238420?
2
What is the millions digit of 4905093?
4
What is the tens digit of 1548423?
2
What is the tens digit of 6228626?
2
What is the hundreds digit of 231066?
0
What is the thousands digit of 3512727?
2
What is the ten thousands digit of 1547195?
4
What is the hundreds digit of 487668?
6
What is the thousands digit of 1562108?
2
What is the thousands digit of 7942640?
2
What is the hundred thousands digit of 123213?
1
What is the hundreds digit of 286918?
9
What is the hundreds digit of 22199534?
5
What is the hundred thousands digit of 966044?
9
What is the hundred thousands digit of 1331115?
3
What is the millions digit of 13007079?
3
What is the tens digit of 5470173?
7
What is the hundreds digit of 11426?
4
What is the units digit of 100142?
2
What is the ten thousands digit of 18666742?
6
What is the hundreds digit of 749323?
3
What is the hundreds digit of 186519?
5
What is the units digit of 204729?
9
What is the thousands digit of 2837072?
7
What is the tens digit of 17588674?
7
What is the ten thousands digit of 143627?
4
What is the ten thousands digit of 1742525?
4
What is the ten thousands digit of 1040461?
4
What is the units digit of 398356?
6
What is the tens digit of 380259?
5
What is the tens digit of 1700123?
2
What is the hundred thousands digit of 6237055?
2
What is the hundreds digit of 29005062?
0
What is the ten thousands digit of 416800?
1
What is the ten thousands digit of 3652474?
5
What is the hundred thousands digit of 698936?
6
What is the units digit of 212304?
4
What is the units digit of 7496429?
9
What is the hundreds digit of 182973?
9
What is the hundreds digit of 1304599?
5
What is the hundreds digit of 1089329?
3
What is the hundred thousands digit of 217221?
2
What is the units digit of 780298?
8
What is the tens digit of 465076?
7
What is the thousands digit of 1205061?
5
What is the hundred thousands digit of 9050008?
0
What is the hundred thousands digit of 1721547?
7
What is the hundred thousands digit of 256753?
2
What is the thousands digit of 4570135?
0
What is the hundred thousands digit of 911144?
9
What is the hundred thousands digit of 346691?
3
What is the hundreds digit of 3776035?
0
What is the hundred thousands digit of 2632759?
6
What is the thousands digit of 308334?
8
What is the thousands digit of 315734?
5
What is the ten thousands digit of 661686?
6
What is the hundreds digit of 196286?
2
What is the tens digit of 1111816?
1
What is the ten thousands digit of 24456657?
5
What is the millions digit of 1002471?
1
What is the tens digit of 1946622?
2
What is the units digit of 483319?
9
What is the ten millions digit of 16189132?
1
What is the units digit of 678805?
5
What is the units digit of 618503?
3
What is the units digit of 1175265?
5
What is the millions digit of 2516199?
2
What is the tens digit of 37748?
4
What is the millions digit of 15880900?
5
What is the ten thousands digit of 16844545?
4
What is the hundreds digit of 229838?
8
What is the millions digit of 3558594?
3
What is the hundred thousands digit of 1995942?
9
What is the hundred thousands digit of 566427?
5
What is the ten thousands digit of 168771?
6
What is the units digit of 442375?
5
What is the tens digit of 3798997?
9
What is the tens di